
{"id":1506,"date":"2015-08-31T09:52:49","date_gmt":"2015-08-31T07:52:49","guid":{"rendered":"http:\/\/antymatrix.blog.polityka.pl\/?page_id=1506"},"modified":"2015-09-06T15:02:22","modified_gmt":"2015-09-06T13:02:22","slug":"komentarze","status":"publish","type":"page","link":"https:\/\/blog.polityka.pl\/antymatrix\/komentarze\/","title":{"rendered":"Komentarze"},"content":{"rendered":"<p>Od 31 sierpnia 2015 r. sekcja komentarzy pod wpisami zosta\u0142a zamkni\u0119ta. Poni\u017cej <strong><a href=\"http:\/\/antymatrix.blog.polityka.pl\/2015\/08\/31\/powakacyjne-zmiany\/\" target=\"_blank\">wpis blogowy<\/a><\/strong> anonsuj\u0105cy zmian\u0119:<\/p>\n<p>Po wakacyjnej przerwie czas przywr\u00f3ci\u0107 Antymatrix do \u017cycia. B\u0119dzie on funkcjonowa\u0142 na nowych zasadach.<\/p>\n<p>Zmiana zasadnicza \u2013 nie b\u0119dzie ju\u017c mo\u017cna komentowa\u0107 tekst\u00f3w bezpo\u015brednio pod wpisem. Niestety, w ostatnich miesi\u0105cach komentarze zosta\u0142y zdominowane rzez trolli. Nie chc\u0119 u\u0142atwia\u0107 im zadania, udost\u0119pniaj\u0105c mo\u017cliwo\u015b\u0107 dotarcia do tysi\u0119cy Czytelnik\u00f3w tego bloga. Niech trolluj\u0105 na w\u0142asny rachunek, na swoich blogach.<\/p>\n<p>Zdaj\u0119 sobie spraw\u0119, \u017ce tym samym trac\u0105 mo\u017cliwo\u015b\u0107 wypowiedzi pod tekstami osoby, kt\u00f3re bardzo ceni\u0119 i kt\u00f3re w trakcie prowadzenia tego serwisu bardzo polubi\u0142em za merytoryczne, cho\u0107 cz\u0119sto krytyczne wypowiedzi. Zapraszam je do komentowania na Facebooku, gdzie zapowiadam ka\u017cdy wpis, albo na w\u0142asnych blogach \u2013 b\u0119d\u0119 te wypowiedzi podejmowa\u0142. Pozostaje te\u017c Twitter i tradycyjny email.<\/p>\n","protected":false},"excerpt":{"rendered":"<p>Od 31 sierpnia 2015 r. sekcja komentarzy pod wpisami zosta\u0142a zamkni\u0119ta. Poni\u017cej wpis blogowy anonsuj\u0105cy zmian\u0119: Po wakacyjnej przerwie czas przywr\u00f3ci\u0107 Antymatrix do \u017cycia. B\u0119dzie on funkcjonowa\u0142 na nowych zasadach. Zmiana zasadnicza \u2013 nie b\u0119dzie ju\u017c mo\u017cna komentowa\u0107 tekst\u00f3w bezpo\u015brednio pod wpisem. Niestety, w ostatnich miesi\u0105cach komentarze zosta\u0142y zdominowane rzez trolli. Nie chc\u0119 u\u0142atwia\u0107 im [&hellip;]<\/p>\n","protected":false},"author":1,"featured_media":0,"parent":0,"menu_order":0,"comment_status":"closed","ping_status":"closed","template":"","meta":{"footnotes":""},"_links":{"self":[{"href":"https:\/\/blog.polityka.pl\/antymatrix\/wp-json\/wp\/v2\/pages\/1506"}],"collection":[{"href":"https:\/\/blog.polityka.pl\/antymatrix\/wp-json\/wp\/v2\/pages"}],"about":[{"href":"https:\/\/blog.polityka.pl\/antymatrix\/wp-json\/wp\/v2\/types\/page"}],"author":[{"embeddable":true,"href":"https:\/\/blog.polityka.pl\/antymatrix\/wp-json\/wp\/v2\/users\/1"}],"replies":[{"embeddable":true,"href":"https:\/\/blog.polityka.pl\/antymatrix\/wp-json\/wp\/v2\/comments?post=1506"}],"version-history":[{"count":2,"href":"https:\/\/blog.polityka.pl\/antymatrix\/wp-json\/wp\/v2\/pages\/1506\/revisions"}],"predecessor-version":[{"id":1537,"href":"https:\/\/blog.polityka.pl\/antymatrix\/wp-json\/wp\/v2\/pages\/1506\/revisions\/1537"}],"wp:attachment":[{"href":"https:\/\/blog.polityka.pl\/antymatrix\/wp-json\/wp\/v2\/media?parent=1506"}],"curies":[{"name":"wp","href":"https:\/\/api.w.org\/{rel}","templated":true}]}}