
{"id":3244,"date":"2017-08-15T11:51:18","date_gmt":"2017-08-15T09:51:18","guid":{"rendered":"http:\/\/antymatrix.blog.polityka.pl\/?page_id=3244"},"modified":"2017-08-15T14:16:59","modified_gmt":"2017-08-15T12:16:59","slug":"projekty","status":"publish","type":"page","link":"https:\/\/blog.polityka.pl\/antymatrix\/projekty\/","title":{"rendered":"Projekty"},"content":{"rendered":"<p>Zbi\u00f3r materia\u0142\u00f3w multimedialnych z projekt\u00f3w, jakie realizowa\u0142em lub wsp\u00f3\u0142realizowa\u0142em w ostatnich latach (zbi\u00f3r jest systematycznie uzupe\u0142niany).<\/p>\n<ul>\n<li><a href=\"http:\/\/antymatrix.blog.polityka.pl\/projekty\/miasto-przyszloscilaboratorium-wroclaw\/\" target=\"_blank\" rel=\"noopener noreferrer\">Miasto przysz\u0142o\u015bci\/Laboratorium Wroc\u0142aw w ramach Europejskiej Stolicy Kultury Wroc\u0142aw 2016.<\/a><\/li>\n<li><a href=\"http:\/\/antymatrix.blog.polityka.pl\/projekty\/spisek-kultury-w-strone-metakultury-rozwoju\/\" target=\"_blank\" rel=\"noopener noreferrer\">Kultura i rozw\u00f3j. W stron\u0119 metakultury rozwoju.<\/a><\/li>\n<li><a href=\"http:\/\/antymatrix.blog.polityka.pl\/laboratorium-przyszlosci\/\" target=\"_blank\" rel=\"noopener noreferrer\">Laboratorium przysz\u0142o\u015bci<\/a><\/li>\n<li><a href=\"http:\/\/antymatrix.blog.polityka.pl\/projekty\/foresight-polska-2020\/\" target=\"_blank\" rel=\"noopener noreferrer\">Narodowy Program Foresight Polska 2020<\/a><\/li>\n<li><a href=\"http:\/\/antymatrix.blog.polityka.pl\/kultura-2-0\/\" target=\"_blank\" rel=\"noopener noreferrer\">Konferencja Kultura 2.0 (2006 r.)<\/a><\/li>\n<li><a href=\"http:\/\/antymatrix.blog.polityka.pl\/wystawa-comnet-warszawa\/\" target=\"_blank\" rel=\"noopener noreferrer\">Wystawa i konferencja ComNet Warszawa (1996 i 1997)<\/a><\/li>\n<\/ul>\n","protected":false},"excerpt":{"rendered":"<p>Zbi\u00f3r materia\u0142\u00f3w multimedialnych z projekt\u00f3w, jakie realizowa\u0142em lub wsp\u00f3\u0142realizowa\u0142em w ostatnich latach (zbi\u00f3r jest systematycznie uzupe\u0142niany). Miasto przysz\u0142o\u015bci\/Laboratorium Wroc\u0142aw w ramach Europejskiej Stolicy Kultury Wroc\u0142aw 2016. Kultura i rozw\u00f3j. W stron\u0119 metakultury rozwoju. Laboratorium przysz\u0142o\u015bci Narodowy Program Foresight Polska 2020 Konferencja Kultura 2.0 (2006 r.) Wystawa i konferencja ComNet Warszawa (1996 i 1997)<\/p>\n","protected":false},"author":1,"featured_media":0,"parent":0,"menu_order":0,"comment_status":"closed","ping_status":"closed","template":"","meta":{"footnotes":""},"_links":{"self":[{"href":"https:\/\/blog.polityka.pl\/antymatrix\/wp-json\/wp\/v2\/pages\/3244"}],"collection":[{"href":"https:\/\/blog.polityka.pl\/antymatrix\/wp-json\/wp\/v2\/pages"}],"about":[{"href":"https:\/\/blog.polityka.pl\/antymatrix\/wp-json\/wp\/v2\/types\/page"}],"author":[{"embeddable":true,"href":"https:\/\/blog.polityka.pl\/antymatrix\/wp-json\/wp\/v2\/users\/1"}],"replies":[{"embeddable":true,"href":"https:\/\/blog.polityka.pl\/antymatrix\/wp-json\/wp\/v2\/comments?post=3244"}],"version-history":[{"count":15,"href":"https:\/\/blog.polityka.pl\/antymatrix\/wp-json\/wp\/v2\/pages\/3244\/revisions"}],"predecessor-version":[{"id":3288,"href":"https:\/\/blog.polityka.pl\/antymatrix\/wp-json\/wp\/v2\/pages\/3244\/revisions\/3288"}],"wp:attachment":[{"href":"https:\/\/blog.polityka.pl\/antymatrix\/wp-json\/wp\/v2\/media?parent=3244"}],"curies":[{"name":"wp","href":"https:\/\/api.w.org\/{rel}","templated":true}]}}