
{"id":3268,"date":"2017-08-15T13:07:58","date_gmt":"2017-08-15T11:07:58","guid":{"rendered":"http:\/\/antymatrix.blog.polityka.pl\/?page_id=3268"},"modified":"2017-08-15T13:08:57","modified_gmt":"2017-08-15T11:08:57","slug":"laboratorium-przyszlosci","status":"publish","type":"page","link":"https:\/\/blog.polityka.pl\/antymatrix\/projekty\/laboratorium-przyszlosci\/","title":{"rendered":"Laboratorium przysz\u0142o\u015bci"},"content":{"rendered":"<p><a href=\"http:\/\/archiwum.u-jazdowski.pl\/index.php?action=tv&amp;g=5\" target=\"_blank\" rel=\"noopener noreferrer\"><strong>Cykl debat, jakie organizowa\u0142em w Centrum Sztuki Wsp\u00f3\u0142czesnej w latach 2013 i 2014<\/strong><\/a>. Poni\u017cej materia\u0142 wideo z debaty otwieraj\u0105cej cykl.<\/p>\n<p><iframe loading=\"lazy\" title=\"Laboratorium Przysz\u0142o\u015bci: RAZEM\/OSOBNO Krystian Lupa - Przebudzenie. Na gruzach Pa\u0144stwa Snu cz. 1\/2 (PL)\" src=\"https:\/\/player.vimeo.com\/video\/54934279?dnt=1&amp;app_id=122963\" width=\"1280\" height=\"720\" frameborder=\"0\" allow=\"autoplay; fullscreen\" allowfullscreen><\/iframe><\/p>\n","protected":false},"excerpt":{"rendered":"<p>Cykl debat, jakie organizowa\u0142em w Centrum Sztuki Wsp\u00f3\u0142czesnej w latach 2013 i 2014. Poni\u017cej materia\u0142 wideo z debaty otwieraj\u0105cej cykl.<\/p>\n","protected":false},"author":1,"featured_media":0,"parent":3244,"menu_order":0,"comment_status":"closed","ping_status":"closed","template":"","meta":{"footnotes":""},"_links":{"self":[{"href":"https:\/\/blog.polityka.pl\/antymatrix\/wp-json\/wp\/v2\/pages\/3268"}],"collection":[{"href":"https:\/\/blog.polityka.pl\/antymatrix\/wp-json\/wp\/v2\/pages"}],"about":[{"href":"https:\/\/blog.polityka.pl\/antymatrix\/wp-json\/wp\/v2\/types\/page"}],"author":[{"embeddable":true,"href":"https:\/\/blog.polityka.pl\/antymatrix\/wp-json\/wp\/v2\/users\/1"}],"replies":[{"embeddable":true,"href":"https:\/\/blog.polityka.pl\/antymatrix\/wp-json\/wp\/v2\/comments?post=3268"}],"version-history":[{"count":1,"href":"https:\/\/blog.polityka.pl\/antymatrix\/wp-json\/wp\/v2\/pages\/3268\/revisions"}],"predecessor-version":[{"id":3269,"href":"https:\/\/blog.polityka.pl\/antymatrix\/wp-json\/wp\/v2\/pages\/3268\/revisions\/3269"}],"up":[{"embeddable":true,"href":"https:\/\/blog.polityka.pl\/antymatrix\/wp-json\/wp\/v2\/pages\/3244"}],"wp:attachment":[{"href":"https:\/\/blog.polityka.pl\/antymatrix\/wp-json\/wp\/v2\/media?parent=3268"}],"curies":[{"name":"wp","href":"https:\/\/api.w.org\/{rel}","templated":true}]}}