
{"id":3318,"date":"2017-08-19T18:43:40","date_gmt":"2017-08-19T16:43:40","guid":{"rendered":"http:\/\/antymatrix.blog.polityka.pl\/?page_id=3318"},"modified":"2017-08-21T08:25:09","modified_gmt":"2017-08-21T06:25:09","slug":"prace-zbiorowe","status":"publish","type":"page","link":"https:\/\/blog.polityka.pl\/antymatrix\/ksiazki\/prace-zbiorowe\/","title":{"rendered":"Prace zbiorowe"},"content":{"rendered":"<ul>\n<li>Rozdzia\u0142 w <a href=\"http:\/\/www.springer.com\/br\/book\/9783319498980\" target=\"_blank\" rel=\"noopener noreferrer\"><strong><em>Happy City &#8211; How to Plan and Create the Best Livable Area for the People<\/em><\/strong><\/a>, red. Anna Brdulak, Halina Brdulak, 2017;<\/li>\n<li>Rozdzia\u0142 &#8222;Rewolucja godno\u015bci. Narodziny nowego spo\u0142ecze\u0144stwa?&#8221; w <a href=\"http:\/\/www.ecs.gda.pl\/title,Przesilenie__Nowa_kultura_polityczna,pid,1313.html\" target=\"_blank\" rel=\"noopener noreferrer\"><em><strong>Przesilenie. Nowa kultura polityczna<\/strong><\/em><\/a>,\u00a0 Gda\u0144sk 2016;<\/li>\n<li>Rozdzia\u0142 <a href=\"http:\/\/www.kongreskultury2016.pl\/wp-content\/uploads\/2016\/08\/golgota-bendyk.pdf\" target=\"_blank\" rel=\"noopener noreferrer\">&#8222;Dziwna rewolucja&#8221;<\/a> w <a href=\"https:\/\/wydawnictwo.krytykapolityczna.pl\/piknik-golgota-polska-84#.WZp8TZNJbOQ\" target=\"_blank\" rel=\"noopener noreferrer\">P<strong><em>iknik Golgota Polska. Sztuka &#8211; Religia &#8211; Demokracja<\/em><\/strong><\/a>, red. Agata Adamiecka, Iwona Kurz, W-wa 2015;<\/li>\n<li>Rozdzia\u0142 &#8222;\u015awiat bez w\u0119gla&#8221; w <a href=\"https:\/\/issuu.com\/krytykapolityczna\/docs\/polski_wegiel_issuu\" target=\"_blank\" rel=\"noopener noreferrer\"><strong><em>Polski w\u0119giel<\/em><\/strong><\/a>, Warszawa 2015 (dost\u0119pna w formie wolnego e-booka);<\/li>\n<li><a href=\"http:\/\/www.jaceksantorski.pl\/sklep\/dlaliderow\/jak-zyc-w-swiecie-ktory-oszalal\/\" target=\"_blank\" rel=\"noopener noreferrer\">Edwin Bendyk, Jacek Santorski, Witold M. Or\u0142owski, <strong><em>Jak \u017cy\u0107 w \u015bwiecie, kt\u00f3ry oszala\u0142<\/em><\/strong>, Warszawa 2014;<\/a><\/li>\n<li>Rozdzia\u0142 &#8222;Kultura, technika kapitalizm&#8221; w podr\u0119czniku <a href=\"http:\/\/nck.pl\/aktualnosci-badawcze\/296602-kultura-a-rozwoj-bezplatny-podrecznik\/\" target=\"_blank\" rel=\"noopener noreferrer\"><strong><em>Kultura i rozw\u00f3j<\/em><\/strong>, red. Jerzy Hausner, Anna Karwi\u0144ska, Jacek Purchla<\/a>, Warszawa 2014 (dost\u0119pna w formie wolnego e-booka);<\/li>\n<\/ul>\n","protected":false},"excerpt":{"rendered":"<p>Rozdzia\u0142 w Happy City &#8211; How to Plan and Create the Best Livable Area for the People, red. Anna Brdulak, Halina Brdulak, 2017; Rozdzia\u0142 &#8222;Rewolucja godno\u015bci. Narodziny nowego spo\u0142ecze\u0144stwa?&#8221; w Przesilenie. Nowa kultura polityczna,\u00a0 Gda\u0144sk 2016; Rozdzia\u0142 &#8222;Dziwna rewolucja&#8221; w Piknik Golgota Polska. Sztuka &#8211; Religia &#8211; Demokracja, red. Agata Adamiecka, Iwona Kurz, W-wa 2015; [&hellip;]<\/p>\n","protected":false},"author":1,"featured_media":0,"parent":10,"menu_order":0,"comment_status":"closed","ping_status":"closed","template":"","meta":{"footnotes":""},"_links":{"self":[{"href":"https:\/\/blog.polityka.pl\/antymatrix\/wp-json\/wp\/v2\/pages\/3318"}],"collection":[{"href":"https:\/\/blog.polityka.pl\/antymatrix\/wp-json\/wp\/v2\/pages"}],"about":[{"href":"https:\/\/blog.polityka.pl\/antymatrix\/wp-json\/wp\/v2\/types\/page"}],"author":[{"embeddable":true,"href":"https:\/\/blog.polityka.pl\/antymatrix\/wp-json\/wp\/v2\/users\/1"}],"replies":[{"embeddable":true,"href":"https:\/\/blog.polityka.pl\/antymatrix\/wp-json\/wp\/v2\/comments?post=3318"}],"version-history":[{"count":5,"href":"https:\/\/blog.polityka.pl\/antymatrix\/wp-json\/wp\/v2\/pages\/3318\/revisions"}],"predecessor-version":[{"id":3330,"href":"https:\/\/blog.polityka.pl\/antymatrix\/wp-json\/wp\/v2\/pages\/3318\/revisions\/3330"}],"up":[{"embeddable":true,"href":"https:\/\/blog.polityka.pl\/antymatrix\/wp-json\/wp\/v2\/pages\/10"}],"wp:attachment":[{"href":"https:\/\/blog.polityka.pl\/antymatrix\/wp-json\/wp\/v2\/media?parent=3318"}],"curies":[{"name":"wp","href":"https:\/\/api.w.org\/{rel}","templated":true}]}}