
{"id":7,"date":"2006-09-04T00:30:31","date_gmt":"2006-09-03T22:30:31","guid":{"rendered":"http:\/\/chetkowski.blog.polityka.pl\/?page_id=7"},"modified":"2012-09-04T17:50:35","modified_gmt":"2012-09-04T15:50:35","slug":"o-autorze","status":"publish","type":"page","link":"https:\/\/blog.polityka.pl\/chetkowski\/o-autorze\/","title":{"rendered":"O autorze"},"content":{"rendered":"<p><strong>Dariusz Ch\u0119tkowski <\/strong>&#8211; ur. w 1970 r. w S\u0142awnie. Absolwent polonistyki i filozofii Uniwersytetu \u0141\u00f3dzkiego. Studiowa\u0142 te\u017c histori\u0119 sztuki. Nauczyciel, pisarz i publicysta.<\/p>\n<p>Znany z niekonwencjonalnych sposob\u00f3w nauczania, obecnie \u0142\u0105czy tradycj\u0119 z nowatorstwem. Publikowa\u0142 m. in. w &#8222;Gazecie Wyborczej&#8221;, &#8222;Polonistyce&#8221;, &#8222;Ergo&#8221;, &#8222;Zeszytach Szkolnych&#8221;. Wyst\u0119powa\u0142 w wielu programach telewizyjnych (np. &#8222;Kawa czy herbata&#8221;, &#8222;Pytanie na \u015bniadanie&#8221;, &#8222;Rower B\u0142a\u017ceja&#8221;), bra\u0142 udzia\u0142 w projekcie tygodnika &#8222;Polityka&#8221;\u00a0&#8211; \u00a0Lekcje z &#8222;Polityk\u0105&#8221;, by\u0142 recenzentem Czytelni &#8222;Polityki&#8221;.<\/p>\n<p>Za ksi\u0105\u017ck\u0119 &#8222;Z budy. Czy spu\u015bci\u0107 ucznia z \u0142a\u0144cucha?&#8221; (Krak\u00f3w 2003) otrzyma\u0142 nagrod\u0119 Ksi\u0105\u017cka Lata (Pozna\u0144 2003) oraz Nagrod\u0119 Edukacja XXI (Warszawa 2004). Jest tak\u017ce autorem ksi\u0105\u017cek: &#8222;L.d.d.w. Osierocona generacja&#8221; (Krak\u00f3w 2004, wyr\u00f3\u017cniona rok p\u00f3\u017aniej Nagrod\u0105 Edukacja XXI), &#8222;Ostatni weekend&#8221; (\u0141\u00f3d\u017a 2007, napisana wsp\u00f3lnie z uczniami) oraz &#8222;Nauczycielskie perypetie. O wojnie wszystkich ze wszystkimi&#8221; (Sopot 2010).<\/p>\n<p>Felietonista &#8222;G\u0142osu Nauczycielskiego&#8221;, wsp\u00f3\u0142pracuje z &#8222;Perspektywami&#8221;.<\/p>\n<p>W XXI LO w \u0141odzi od 1995, uczy j\u0119zyka polskiego, etyki i prowadzi ko\u0142o filozoficzne.<\/p>\n<p>\u017bonaty i szcz\u0119\u015bliwy w ma\u0142\u017ce\u0144stwie, \u017cona Barbara, c\u00f3rka Wiktoria Milada.<\/p>\n","protected":false},"excerpt":{"rendered":"<p>Dariusz Ch\u0119tkowski &#8211; ur. w 1970 r. w S\u0142awnie. Absolwent polonistyki i filozofii Uniwersytetu \u0141\u00f3dzkiego. Studiowa\u0142 te\u017c histori\u0119 sztuki. Nauczyciel, pisarz i publicysta. Znany z niekonwencjonalnych sposob\u00f3w nauczania, obecnie \u0142\u0105czy tradycj\u0119 z nowatorstwem. Publikowa\u0142 m. in. w &#8222;Gazecie Wyborczej&#8221;, &#8222;Polonistyce&#8221;, &#8222;Ergo&#8221;, &#8222;Zeszytach Szkolnych&#8221;. Wyst\u0119powa\u0142 w wielu programach telewizyjnych (np. &#8222;Kawa czy herbata&#8221;, &#8222;Pytanie na \u015bniadanie&#8221;, [&hellip;]<\/p>\n","protected":false},"author":1,"featured_media":0,"parent":0,"menu_order":0,"comment_status":"open","ping_status":"open","template":"","meta":{"footnotes":""},"_links":{"self":[{"href":"https:\/\/blog.polityka.pl\/chetkowski\/wp-json\/wp\/v2\/pages\/7"}],"collection":[{"href":"https:\/\/blog.polityka.pl\/chetkowski\/wp-json\/wp\/v2\/pages"}],"about":[{"href":"https:\/\/blog.polityka.pl\/chetkowski\/wp-json\/wp\/v2\/types\/page"}],"author":[{"embeddable":true,"href":"https:\/\/blog.polityka.pl\/chetkowski\/wp-json\/wp\/v2\/users\/1"}],"replies":[{"embeddable":true,"href":"https:\/\/blog.polityka.pl\/chetkowski\/wp-json\/wp\/v2\/comments?post=7"}],"version-history":[{"count":3,"href":"https:\/\/blog.polityka.pl\/chetkowski\/wp-json\/wp\/v2\/pages\/7\/revisions"}],"predecessor-version":[{"id":1783,"href":"https:\/\/blog.polityka.pl\/chetkowski\/wp-json\/wp\/v2\/pages\/7\/revisions\/1783"}],"wp:attachment":[{"href":"https:\/\/blog.polityka.pl\/chetkowski\/wp-json\/wp\/v2\/media?parent=7"}],"curies":[{"name":"wp","href":"https:\/\/api.w.org\/{rel}","templated":true}]}}