
{"id":14,"date":"2021-12-20T09:36:13","date_gmt":"2021-12-20T08:36:13","guid":{"rendered":"https:\/\/flint.blog.polityka.pl\/?page_id=14"},"modified":"2022-01-02T01:06:54","modified_gmt":"2022-01-02T00:06:54","slug":"o-blogu","status":"publish","type":"page","link":"https:\/\/blog.polityka.pl\/flint\/o-blogu\/","title":{"rendered":"O blogu"},"content":{"rendered":"\n<p>Raptus to blog, kt\u00f3ry bez popadania w przesadne sentymenty chcia\u0142by przypomnie\u0107 tym bardziej wymagaj\u0105cym odbiorcom, \u017ce echa stylowej, jako\u015bciowej muzyki miejskiej z lat 90. nadal tu (oraz na ca\u0142ym \u015bwiecie) rozbrzmiewaj\u0105, tylko czasem trudno je us\u0142ysze\u0107. Autor koncentruje si\u0119 na komentowaniu na bie\u017c\u0105co album\u00f3w, utwor\u00f3w i wydarze\u0144, na wszystkim tym, co p\u0142ynie\u00a0&#8211; niekoniecznie g\u0142\u00f3wnym nurtem. Bez patrzenia w metryki, na wy\u015bwietlenia i plotki, za to z klimatem, kontekstem i wyrazist\u0105 opini\u0105. Raptus tuus.  Tag tytu\u0142owy: <a href=\"https:\/\/www.facebook.com\/signsbyoner\">Signs by Oner<\/a><\/p>\n","protected":false},"excerpt":{"rendered":"<p>Raptus to blog, kt\u00f3ry bez popadania w przesadne sentymenty chcia\u0142by przypomnie\u0107 tym bardziej wymagaj\u0105cym odbiorcom, \u017ce echa stylowej, jako\u015bciowej muzyki miejskiej z lat 90. nadal tu (oraz na ca\u0142ym \u015bwiecie) rozbrzmiewaj\u0105, tylko czasem trudno je us\u0142ysze\u0107. Autor koncentruje si\u0119 na komentowaniu na bie\u017c\u0105co album\u00f3w, utwor\u00f3w i wydarze\u0144, na wszystkim tym, co p\u0142ynie\u00a0&#8211; niekoniecznie g\u0142\u00f3wnym nurtem. [&hellip;]<\/p>\n","protected":false},"author":3,"featured_media":0,"parent":0,"menu_order":0,"comment_status":"closed","ping_status":"closed","template":"","meta":{"footnotes":""},"_links":{"self":[{"href":"https:\/\/blog.polityka.pl\/flint\/wp-json\/wp\/v2\/pages\/14"}],"collection":[{"href":"https:\/\/blog.polityka.pl\/flint\/wp-json\/wp\/v2\/pages"}],"about":[{"href":"https:\/\/blog.polityka.pl\/flint\/wp-json\/wp\/v2\/types\/page"}],"author":[{"embeddable":true,"href":"https:\/\/blog.polityka.pl\/flint\/wp-json\/wp\/v2\/users\/3"}],"replies":[{"embeddable":true,"href":"https:\/\/blog.polityka.pl\/flint\/wp-json\/wp\/v2\/comments?post=14"}],"version-history":[{"count":2,"href":"https:\/\/blog.polityka.pl\/flint\/wp-json\/wp\/v2\/pages\/14\/revisions"}],"predecessor-version":[{"id":26,"href":"https:\/\/blog.polityka.pl\/flint\/wp-json\/wp\/v2\/pages\/14\/revisions\/26"}],"wp:attachment":[{"href":"https:\/\/blog.polityka.pl\/flint\/wp-json\/wp\/v2\/media?parent=14"}],"curies":[{"name":"wp","href":"https:\/\/api.w.org\/{rel}","templated":true}]}}