
{"id":14,"date":"2023-04-12T22:35:10","date_gmt":"2023-04-12T20:35:10","guid":{"rendered":"https:\/\/kobietybezdiety.blog.polityka.pl\/?page_id=14"},"modified":"2023-04-12T22:35:10","modified_gmt":"2023-04-12T20:35:10","slug":"o-blogu","status":"publish","type":"page","link":"https:\/\/blog.polityka.pl\/kobietybezdiety\/o-blogu\/","title":{"rendered":"O blogu"},"content":{"rendered":"\n<p>Jeste\u015bmy grup\u0105 dietetyczek i psychodietetyczek, kt\u00f3re postanowi\u0142y zaprotestowa\u0107 przeciwko z\u0142emu \u017cywieniu Polek i Polak\u00f3w i opresyjnemu podej\u015bciu do naszej diety. Chcemy pokaza\u0107, \u017ce zdrowe \u017cywienie jest proste, smaczne i pomaga o siebie dba\u0107. Nie chodzi w nim o to, by chwilowo schudn\u0105\u0107, ale by chroni\u0107 zdrowie i dobre samopoczucie. Marzymy o tym, aby pami\u0119ta\u0107, \u017ce jedzenie ma moc i od\u017cywia nas. Bo dobre, warto\u015bciowe po\u017cywienie jest nie tylko przyjemne, ale r\u00f3wnie\u017c dostarcza si\u0142y, energii, odporno\u015bci i pozwala na sprawne funkcjonowanie organizmu.<\/p>\n","protected":false},"excerpt":{"rendered":"<p>Jeste\u015bmy grup\u0105 dietetyczek i psychodietetyczek, kt\u00f3re postanowi\u0142y zaprotestowa\u0107 przeciwko z\u0142emu \u017cywieniu Polek i Polak\u00f3w i opresyjnemu podej\u015bciu do naszej diety. Chcemy pokaza\u0107, \u017ce zdrowe \u017cywienie jest proste, smaczne i pomaga o siebie dba\u0107. Nie chodzi w nim o to, by chwilowo schudn\u0105\u0107, ale by chroni\u0107 zdrowie i dobre samopoczucie. Marzymy o tym, aby pami\u0119ta\u0107, \u017ce [&hellip;]<\/p>\n","protected":false},"author":4,"featured_media":0,"parent":0,"menu_order":0,"comment_status":"closed","ping_status":"closed","template":"","meta":{"footnotes":""},"_links":{"self":[{"href":"https:\/\/blog.polityka.pl\/kobietybezdiety\/wp-json\/wp\/v2\/pages\/14"}],"collection":[{"href":"https:\/\/blog.polityka.pl\/kobietybezdiety\/wp-json\/wp\/v2\/pages"}],"about":[{"href":"https:\/\/blog.polityka.pl\/kobietybezdiety\/wp-json\/wp\/v2\/types\/page"}],"author":[{"embeddable":true,"href":"https:\/\/blog.polityka.pl\/kobietybezdiety\/wp-json\/wp\/v2\/users\/4"}],"replies":[{"embeddable":true,"href":"https:\/\/blog.polityka.pl\/kobietybezdiety\/wp-json\/wp\/v2\/comments?post=14"}],"version-history":[{"count":1,"href":"https:\/\/blog.polityka.pl\/kobietybezdiety\/wp-json\/wp\/v2\/pages\/14\/revisions"}],"predecessor-version":[{"id":15,"href":"https:\/\/blog.polityka.pl\/kobietybezdiety\/wp-json\/wp\/v2\/pages\/14\/revisions\/15"}],"wp:attachment":[{"href":"https:\/\/blog.polityka.pl\/kobietybezdiety\/wp-json\/wp\/v2\/media?parent=14"}],"curies":[{"name":"wp","href":"https:\/\/api.w.org\/{rel}","templated":true}]}}

<p>Jesteśmy grupą dietetyczek i psychodietetyczek, które postanowiły zaprotestować przeciwko złemu żywieniu Polek i Polaków i opresyjnemu podejściu do naszej diety. Chcemy pokazać, że zdrowe żywienie jest proste, smaczne i pomaga o siebie dbać. Nie chodzi w nim o to, by chwilowo schudnąć, ale by chronić zdrowie i dobre samopoczucie. Marzymy o tym, aby pamiętać, że jedzenie ma moc i odżywia nas. Bo dobre, wartościowe pożywienie jest nie tylko przyjemne, ale również dostarcza siły, energii, odporności i pozwala na sprawne funkcjonowanie organizmu.</p>

<p>Jesteśmy grupą dietetyczek i psychodietetyczek, które postanowiły zaprotestować przeciwko złemu żywieniu Polek i Polaków i opresyjnemu podejściu do naszej diety. Chcemy pokazać, że zdrowe żywienie jest proste, smaczne i pomaga o siebie dbać. Nie chodzi w nim o to, by chwilowo schudnąć, ale by chronić zdrowie i dobre samopoczucie. Marzymy o tym, aby pamiętać, że [&hellip;]</p>
