
{"id":10489,"date":"2016-05-13T09:47:06","date_gmt":"2016-05-13T07:47:06","guid":{"rendered":"http:\/\/polifonia.blog.polityka.pl\/?page_id=10489"},"modified":"2016-05-13T09:47:06","modified_gmt":"2016-05-13T07:47:06","slug":"polifonia-1000","status":"publish","type":"page","link":"https:\/\/blog.polityka.pl\/polifonia\/polifonia-1000\/","title":{"rendered":"POLIFONIA 1000!"},"content":{"rendered":"<p><a href=\"\/wp-content\/uploads\/2016\/05\/IMG_20160328_163357_edit.jpg\" rel=\"attachment wp-att-10333\"><img loading=\"lazy\" decoding=\"async\" src=\"\/wp-content\/uploads\/2016\/05\/IMG_20160328_163357_edit-1024x1022.jpg\" alt=\"IMG_20160328_163357_edit\" width=\"620\" height=\"619\" class=\"aligncenter size-large wp-image-10333\" srcset=\"\/polifonia\/wp-content\/uploads\/2016\/05\/IMG_20160328_163357_edit-1024x1022.jpg 1024w, \/polifonia\/wp-content\/uploads\/2016\/05\/IMG_20160328_163357_edit-150x150.jpg 150w, \/polifonia\/wp-content\/uploads\/2016\/05\/IMG_20160328_163357_edit-300x300.jpg 300w, \/polifonia\/wp-content\/uploads\/2016\/05\/IMG_20160328_163357_edit-768x766.jpg 768w, \/polifonia\/wp-content\/uploads\/2016\/05\/IMG_20160328_163357_edit.jpg 1834w\" sizes=\"(max-width: 620px) 100vw, 620px\" \/><\/a><\/p>\n<p><strong>Obchody 1000 wpis\u00f3w na Polifonii:<\/strong><\/p>\n<p><a href=\"http:\/\/polifonia.blog.polityka.pl\/2016\/05\/09\/1000-czyli-dlaczego-stawiam-na-ilosc\/\">1000 wpis\u00f3w, czyli dlaczego stawiam na ilo\u015b\u0107<\/a><br \/>\n<a href=\"http:\/\/polifonia.blog.polityka.pl\/2016\/05\/11\/najtrudniejszy-quiz-w-dziejach-polifonii\/\">20 za 20. Najtrudniejszy quiz w dziejach Polifonii<\/a><br \/>\noraz akcja pod has\u0142em <strong>P\u0142yta co godzin\u0119<\/strong>&#8221;<br \/>\n<a href=\"http:\/\/polifonia.blog.polityka.pl\/2016\/05\/12\/900-charles-bradley-zycie-po-60-tce\/\">09.00 Charles Bradley. \u017bycie po 60-tce<\/a><br \/>\n<a href=\"http:\/\/polifonia.blog.polityka.pl\/2016\/05\/12\/10-00-ola-bilinska-%d7%9c%d7%99%d7%91%d7%a2-%d7%9c%d7%99%d7%93\/\">10.00 Ola Bili\u0144ska. \u05dc\u05d9\u05d1\u05e2 \u05dc\u05d9\u05d3<\/a><br \/>\n<a href=\"http:\/\/polifonia.blog.polityka.pl\/2016\/05\/12\/11-00-mammoth-ulthana-faktury\/\">11.00 Mammoth Ulthana. Faktury<\/a><br \/>\n<a href=\"http:\/\/polifonia.blog.polityka.pl\/2016\/05\/12\/12-00-incarnations-gdyby-byla-niedziela\/\">12:00 Incarnations. Gdyby by\u0142a niedziela&#8230;<\/a><br \/>\n<a href=\"http:\/\/polifonia.blog.polityka.pl\/2016\/05\/12\/1300-most-poczatek\/\">13.00 MOST. Po prostu pocz\u0105tek<\/a><br \/>\n<a href=\"http:\/\/polifonia.blog.polityka.pl\/2016\/05\/12\/1400-lonker-see\/\">14.00 Lonker See. Dowarto\u015bciowa\u0107!<\/a><br \/>\n<a href=\"http:\/\/polifonia.blog.polityka.pl\/2016\/05\/12\/15-00-library-of-babel-strunowce\/\">15.00 Library of Babel. Strunowce<\/a><br \/>\n<a href=\"http:\/\/polifonia.blog.polityka.pl\/2016\/05\/12\/16-00-jachna-mazurkiewicz-buhl-kameralna-muzyka-totalna\/\">16.00 Jachna \/ Mazurkiewicz \/ Buhl. Kameralna muzyka totalna<\/a><br \/>\n<a href=\"http:\/\/polifonia.blog.polityka.pl\/2016\/05\/12\/17-00-sam-beam-ale-nie-sam\/\">17.00 Sam Beam. Ale nie sam<\/a><br \/>\n<a href=\"http:\/\/polifonia.blog.polityka.pl\/2016\/05\/12\/18-00-brodka-strzal-z-biodra\/\">18.00 Brodka. Strza\u0142 z biodra<\/a><\/p>\n","protected":false},"excerpt":{"rendered":"<p>Obchody 1000 wpis\u00f3w na Polifonii: 1000 wpis\u00f3w, czyli dlaczego stawiam na ilo\u015b\u0107 20 za 20. Najtrudniejszy quiz w dziejach Polifonii oraz akcja pod has\u0142em P\u0142yta co godzin\u0119&#8221; 09.00 Charles Bradley. \u017bycie po 60-tce 10.00 Ola Bili\u0144ska. \u05dc\u05d9\u05d1\u05e2 \u05dc\u05d9\u05d3 11.00 Mammoth Ulthana. Faktury 12:00 Incarnations. Gdyby by\u0142a niedziela&#8230; 13.00 MOST. Po prostu pocz\u0105tek 14.00 Lonker See. [&hellip;]<\/p>\n","protected":false},"author":1,"featured_media":0,"parent":0,"menu_order":0,"comment_status":"closed","ping_status":"closed","template":"","meta":{"footnotes":""},"_links":{"self":[{"href":"https:\/\/blog.polityka.pl\/polifonia\/wp-json\/wp\/v2\/pages\/10489"}],"collection":[{"href":"https:\/\/blog.polityka.pl\/polifonia\/wp-json\/wp\/v2\/pages"}],"about":[{"href":"https:\/\/blog.polityka.pl\/polifonia\/wp-json\/wp\/v2\/types\/page"}],"author":[{"embeddable":true,"href":"https:\/\/blog.polityka.pl\/polifonia\/wp-json\/wp\/v2\/users\/1"}],"replies":[{"embeddable":true,"href":"https:\/\/blog.polityka.pl\/polifonia\/wp-json\/wp\/v2\/comments?post=10489"}],"version-history":[{"count":1,"href":"https:\/\/blog.polityka.pl\/polifonia\/wp-json\/wp\/v2\/pages\/10489\/revisions"}],"predecessor-version":[{"id":10490,"href":"https:\/\/blog.polityka.pl\/polifonia\/wp-json\/wp\/v2\/pages\/10489\/revisions\/10490"}],"wp:attachment":[{"href":"https:\/\/blog.polityka.pl\/polifonia\/wp-json\/wp\/v2\/media?parent=10489"}],"curies":[{"name":"wp","href":"https:\/\/api.w.org\/{rel}","templated":true}]}}