
{"id":12769,"date":"2017-02-17T22:26:27","date_gmt":"2017-02-17T21:26:27","guid":{"rendered":"http:\/\/polifonia.blog.polityka.pl\/?page_id=12769"},"modified":"2017-02-17T22:26:27","modified_gmt":"2017-02-17T21:26:27","slug":"podsumowanie-2016","status":"publish","type":"page","link":"https:\/\/blog.polityka.pl\/polifonia\/podsumowanie-2016\/","title":{"rendered":"PODSUMOWANIE 2016"},"content":{"rendered":"<p><a href=\"\/wp-content\/uploads\/2016\/01\/bowie.jpg\"><img loading=\"lazy\" decoding=\"async\" src=\"\/wp-content\/uploads\/2016\/01\/bowie.jpg\" alt=\"bowie\" width=\"980\" height=\"551\" class=\"aligncenter size-full wp-image-9382\" srcset=\"\/polifonia\/wp-content\/uploads\/2016\/01\/bowie.jpg 980w, \/polifonia\/wp-content\/uploads\/2016\/01\/bowie-300x169.jpg 300w\" sizes=\"(max-width: 980px) 100vw, 980px\" \/><\/a><\/p>\n<p><strong><a href=\"http:\/\/polifonia.blog.polityka.pl\/2017\/01\/02\/39-plyt-roku-2016-swiat\/\">39 p\u0142yt roku 2016: \u015bwiat<\/a><br \/>\n<a href=\"http:\/\/polifonia.blog.polityka.pl\/2016\/12\/30\/34-plyty-roku-2016-polska\/\">34 p\u0142yty roku 2016: Polska<\/a><br \/>\n<a href=\"http:\/\/polifonia.blog.polityka.pl\/2016\/12\/28\/27-plyt-roku-2016-archiwalia\/\">27 p\u0142yt roku 2016: Archiwalia<\/a><br \/>\n<a href=\"http:\/\/polifonia.blog.polityka.pl\/2016\/12\/27\/rok-2016-w-muzyce-10-uwag-koncowych\/\">Rok 2016 w muzyce: 10 uwag ko\u0144cowych<\/a><\/strong><\/p>\n","protected":false},"excerpt":{"rendered":"<p>39 p\u0142yt roku 2016: \u015bwiat 34 p\u0142yty roku 2016: Polska 27 p\u0142yt roku 2016: Archiwalia Rok 2016 w muzyce: 10 uwag ko\u0144cowych<\/p>\n","protected":false},"author":1,"featured_media":0,"parent":0,"menu_order":0,"comment_status":"closed","ping_status":"closed","template":"","meta":{"footnotes":""},"_links":{"self":[{"href":"https:\/\/blog.polityka.pl\/polifonia\/wp-json\/wp\/v2\/pages\/12769"}],"collection":[{"href":"https:\/\/blog.polityka.pl\/polifonia\/wp-json\/wp\/v2\/pages"}],"about":[{"href":"https:\/\/blog.polityka.pl\/polifonia\/wp-json\/wp\/v2\/types\/page"}],"author":[{"embeddable":true,"href":"https:\/\/blog.polityka.pl\/polifonia\/wp-json\/wp\/v2\/users\/1"}],"replies":[{"embeddable":true,"href":"https:\/\/blog.polityka.pl\/polifonia\/wp-json\/wp\/v2\/comments?post=12769"}],"version-history":[{"count":1,"href":"https:\/\/blog.polityka.pl\/polifonia\/wp-json\/wp\/v2\/pages\/12769\/revisions"}],"predecessor-version":[{"id":12770,"href":"https:\/\/blog.polityka.pl\/polifonia\/wp-json\/wp\/v2\/pages\/12769\/revisions\/12770"}],"wp:attachment":[{"href":"https:\/\/blog.polityka.pl\/polifonia\/wp-json\/wp\/v2\/media?parent=12769"}],"curies":[{"name":"wp","href":"https:\/\/api.w.org\/{rel}","templated":true}]}}