
{"id":16010,"date":"2018-01-02T21:22:44","date_gmt":"2018-01-02T20:22:44","guid":{"rendered":"http:\/\/polifonia.blog.polityka.pl\/?page_id=16010"},"modified":"2018-12-27T14:43:28","modified_gmt":"2018-12-27T13:43:28","slug":"podsumowanie-2016-2","status":"publish","type":"page","link":"https:\/\/blog.polityka.pl\/polifonia\/podsumowanie-2016-2\/","title":{"rendered":"PODSUMOWANIE 2017"},"content":{"rendered":"<p><img loading=\"lazy\" decoding=\"async\" class=\"aligncenter size-large wp-image-16011\" src=\"\/wp-content\/uploads\/2018\/01\/IMAG0048-1-1024x1024.jpg\" alt=\"\" width=\"620\" height=\"620\" srcset=\"\/polifonia\/wp-content\/uploads\/2018\/01\/IMAG0048-1-1024x1024.jpg 1024w, \/polifonia\/wp-content\/uploads\/2018\/01\/IMAG0048-1-150x150.jpg 150w, \/polifonia\/wp-content\/uploads\/2018\/01\/IMAG0048-1-300x300.jpg 300w, \/polifonia\/wp-content\/uploads\/2018\/01\/IMAG0048-1-768x768.jpg 768w, \/polifonia\/wp-content\/uploads\/2018\/01\/IMAG0048-1.jpg 1466w\" sizes=\"(max-width: 620px) 100vw, 620px\" \/><\/p>\n<p><strong>\u00a0<\/strong><\/p>\n<p style=\"text-align: center;\"><a href=\"https:\/\/polifonia.blog.polityka.pl\/2017\/12\/29\/53-plyty-roku-2017-polska\/\"><strong>53\u00a0p\u0142yty roku 2017: Polska<\/strong><\/a><\/p>\n<p style=\"text-align: center;\"><a href=\"https:\/\/polifonia.blog.polityka.pl\/2018\/01\/02\/47-plyt-roku-2017-reszta-swiata\/\"><strong>47\u00a0p\u0142yt roku 2017<\/strong><\/a><a href=\"https:\/\/polifonia.blog.polityka.pl\/2018\/01\/02\/47-plyt-roku-2017-reszta-swiata\/\"><strong>: reszta \u015bwiata<\/strong><\/a><\/p>\n<p style=\"text-align: center;\"><a href=\"https:\/\/polifonia.blog.polityka.pl\/2017\/12\/31\/piec-najlepszych-plyt-roku-king-gizzard-the-lizard-wizard\/\"><strong>5 p\u0142yt roku King Gizzard &amp; The Lizard Wizard<\/strong><\/a><\/p>\n<p style=\"text-align: center;\"><a href=\"https:\/\/polifonia.blog.polityka.pl\/2017\/12\/27\/rok-2017-w-muzyce-10-uwag-koncowych\/\"><strong>Rok 2017 w\u00a0muzyce: 10 uwag ko\u0144cowych<\/strong><\/a><\/p>\n","protected":false},"excerpt":{"rendered":"<p>\u00a0 53\u00a0p\u0142yty roku 2017: Polska 47\u00a0p\u0142yt roku 2017: reszta \u015bwiata 5 p\u0142yt roku King Gizzard &amp; The Lizard Wizard Rok 2017 w\u00a0muzyce: 10 uwag ko\u0144cowych<\/p>\n","protected":false},"author":1,"featured_media":0,"parent":0,"menu_order":0,"comment_status":"closed","ping_status":"closed","template":"","meta":{"footnotes":""},"_links":{"self":[{"href":"https:\/\/blog.polityka.pl\/polifonia\/wp-json\/wp\/v2\/pages\/16010"}],"collection":[{"href":"https:\/\/blog.polityka.pl\/polifonia\/wp-json\/wp\/v2\/pages"}],"about":[{"href":"https:\/\/blog.polityka.pl\/polifonia\/wp-json\/wp\/v2\/types\/page"}],"author":[{"embeddable":true,"href":"https:\/\/blog.polityka.pl\/polifonia\/wp-json\/wp\/v2\/users\/1"}],"replies":[{"embeddable":true,"href":"https:\/\/blog.polityka.pl\/polifonia\/wp-json\/wp\/v2\/comments?post=16010"}],"version-history":[{"count":4,"href":"https:\/\/blog.polityka.pl\/polifonia\/wp-json\/wp\/v2\/pages\/16010\/revisions"}],"predecessor-version":[{"id":20417,"href":"https:\/\/blog.polityka.pl\/polifonia\/wp-json\/wp\/v2\/pages\/16010\/revisions\/20417"}],"wp:attachment":[{"href":"https:\/\/blog.polityka.pl\/polifonia\/wp-json\/wp\/v2\/media?parent=16010"}],"curies":[{"name":"wp","href":"https:\/\/api.w.org\/{rel}","templated":true}]}}