
{"id":45772,"date":"2025-01-14T09:26:11","date_gmt":"2025-01-14T08:26:11","guid":{"rendered":"https:\/\/polifonia.blog.polityka.pl\/?page_id=45772"},"modified":"2025-02-28T12:44:03","modified_gmt":"2025-02-28T11:44:03","slug":"premiery-01-2025","status":"publish","type":"page","link":"https:\/\/blog.polityka.pl\/polifonia\/premiery-01-2025\/","title":{"rendered":"PREMIERY 01.2025"},"content":{"rendered":"\n<figure class=\"wp-block-table\"><table><tbody><tr><td>1<\/td><td>||ALA|MEDA||<\/td><td>Spectra &#8211; Selection<\/td><td>Brutality Garden<\/td><td>arch LP<\/td><\/tr><tr><td>1<\/td><td>Dean Blunt<\/td><td>Lucre<\/td><td>World Music<\/td><td><\/td><\/tr><tr><td>1<\/td><td>DJ Rashad<\/td><td>6613 EP<\/td><td>Partisan<\/td><td>reed<\/td><\/tr><tr><td>1<\/td><td>Duwap Kaine<\/td><td>Nobody Is Coming to Save You<\/td><td>TAP<\/td><td><\/td><\/tr><tr><td>1<\/td><td>JAWAN.mp3<\/td><td>Reverie<\/td><td><\/td><td><\/td><\/tr><tr><td>1<\/td><td>Loraine James<\/td><td>New Year&#8217;s Substitution 3<\/td><td><\/td><td>EP<\/td><\/tr><tr><td>1<\/td><td>Matthew Tavares<\/td><td>I Once Prayed For This Life<\/td><td><\/td><td><\/td><\/tr><tr><td>1<\/td><td>Matthewdavid<\/td><td>100% Zithertronics<\/td><td>Leaving<\/td><td><\/td><\/tr><tr><td>1<\/td><td>Zach Phillips<\/td><td>True Music<\/td><td>La Loi<\/td><td><\/td><\/tr><tr><td>1<\/td><td>\u017deny<\/td><td>Smrt\u00ed vynech\u200b\u00e1\u200bn<\/td><td>Poli5<\/td><td>arch<\/td><\/tr><tr><td>2<\/td><td>Blanck Mass<\/td><td>The Rig: Season 2 (Prime Video Original Series Soundtrack)<\/td><td>Invada<\/td><td><\/td><\/tr><tr><td>2<\/td><td>Lloyd Miller<\/td><td>Jazz at the University of Utah<\/td><td>Now-Again<\/td><td><\/td><\/tr><tr><td>2<\/td><td>Lloyd Miller<\/td><td>Oriental Jazz<\/td><td>Now-Again<\/td><td><\/td><\/tr><tr><td>3<\/td><td>Ayumi Ishito Featuring Kevin Shea and George Draguns<\/td><td>Roboquarians vol. 2<\/td><td>577 Records<\/td><td><\/td><\/tr><tr><td>3<\/td><td>Boldy James &amp; RichGains<\/td><td>Murder During Drug Traffic<\/td><td><\/td><td><\/td><\/tr><tr><td>3<\/td><td>Champa B &amp; Tim Reaper<\/td><td>Pandemonium<\/td><td>Future Retro London<\/td><td>EP<\/td><\/tr><tr><td>3<\/td><td>Deepstaria Enigmatica<\/td><td>The Eternal Now Is the Heart of a New Tomorrow<\/td><td>ESP-Disk\u2019<\/td><td><\/td><\/tr><tr><td>3<\/td><td>Dope On Plastic<\/td><td>Life Energy<\/td><td>Future Retro London<\/td><td>EP<\/td><\/tr><tr><td>3<\/td><td>Ekotonika<\/td><td>Live at Kolonia Artyst\u00f3w<\/td><td>Antenna Non Grata<\/td><td><\/td><\/tr><tr><td>3<\/td><td>Ian Wellman<\/td><td>Can You Hear The Street Lights Glow<\/td><td>Room40<\/td><td><\/td><\/tr><tr><td>3<\/td><td>Kevin Drumm<\/td><td>Neither Here Nor There<\/td><td>Vaagner<\/td><td><\/td><\/tr><tr><td>4<\/td><td>Pawe\u0142 Szamburski, Aukso<\/td><td>D\u0142ugo, d\u0142ugo nic, a potem wszystko<\/td><td><\/td><td><\/td><\/tr><tr><td>5<\/td><td>Bad Bunny<\/td><td>Deb\u00ed Tirar M\u00e1s Fotos<\/td><td>Rimas<\/td><td><\/td><\/tr><tr><td>5<\/td><td>Ethel Cain<\/td><td>Perverts<\/td><td>Daughters of Cain<\/td><td><\/td><\/tr><tr><td>5<\/td><td>Wiley<\/td><td>Boom Bap Vol. 1 EP<\/td><td><\/td><td><\/td><\/tr><tr><td>7<\/td><td>Rats On Rafts<\/td><td>Deep Below<\/td><td>Fire<\/td><td><\/td><\/tr><tr><td>8<\/td><td>Laurence Pike<\/td><td>The Undreamt\u200b-\u200bof Centre (Live At Phoenix Central Park)<\/td><td>The Leaf Label<\/td><td><\/td><\/tr><tr><td>8<\/td><td>Mark William Lewis<\/td><td>Sparkles 22\u200b-\u200b24<\/td><td><\/td><td><\/td><\/tr><tr><td>8<\/td><td>Soft Machine<\/td><td>Drop (remastered)<\/td><td>MoonJune<\/td><td>arch<\/td><\/tr><tr><td>9<\/td><td>Explosions In The Sky<\/td><td>American Primeval OST<\/td><td>Netflix<\/td><td><\/td><\/tr><tr><td>9<\/td><td>Jeff Arnal \/ Dietrich Eichmann<\/td><td>Tides of Unrest \/ Berlin 2023<\/td><td>No Business<\/td><td><\/td><\/tr><tr><td>9<\/td><td>Robert Turman<\/td><td>A Day in the Life<\/td><td>Hanson<\/td><td><\/td><\/tr><tr><td>9<\/td><td>Twoosty Mayonez<\/td><td>Niez\u0142e bagno<\/td><td>U Jazz Me<\/td><td><\/td><\/tr><tr><td>10<\/td><td>Blue Sands<\/td><td>For You<\/td><td>Zennez<\/td><td><\/td><\/tr><tr><td>10<\/td><td>Bridget Hayden and The Apparitions<\/td><td>Cold Blows the Rain<\/td><td>Basin Rock<\/td><td><\/td><\/tr><tr><td>10<\/td><td>Cl\u00e9ment Vercelletto<\/td><td>L&#8217;Engoulevent<\/td><td>Unjenesaisquoi<\/td><td><\/td><\/tr><tr><td>10<\/td><td>doseone &amp; Steel Tipped Dove<\/td><td>All Portrait, No Chorus<\/td><td>Backwoodz Studios<\/td><td><\/td><\/tr><tr><td>10<\/td><td>Franz Ferdinand<\/td><td>The Human Fear<\/td><td>Domino<\/td><td><\/td><\/tr><tr><td>10<\/td><td>Lambrini Girls<\/td><td>Who Let the Dogs Out<\/td><td>City Slang<\/td><td><\/td><\/tr><tr><td>10<\/td><td>Nate Wooley<\/td><td>Henry House<\/td><td>Ideologic Organ<\/td><td><\/td><\/tr><tr><td>10<\/td><td>Ringo Starr<\/td><td>Look Up<\/td><td>Lost Highway<\/td><td><\/td><\/tr><tr><td>10<\/td><td>Skinner<\/td><td>New Wave Vaudeville<\/td><td><\/td><td><\/td><\/tr><tr><td>10<\/td><td>Stick To Your Guns<\/td><td>Keep Planting Flowers<\/td><td>SharpTone<\/td><td><\/td><\/tr><tr><td>10<\/td><td>The Halo Effect<\/td><td>March Of The Unheard<\/td><td>Nuclear Blast<\/td><td><\/td><\/tr><tr><td>10<\/td><td>zzzahara<\/td><td>Spiral Your Way Out<\/td><td>Lex<\/td><td><\/td><\/tr><tr><td>12<\/td><td>Tartine de clous<\/td><td>Compter les dents<\/td><td>Okraina<\/td><td><\/td><\/tr><tr><td>13<\/td><td>Ewa Sad<\/td><td>Lolopianko<\/td><td>BFF Music<\/td><td><\/td><\/tr><tr><td>13<\/td><td>Ken Vandermark &amp; Terrie Ex<\/td><td>This Is Not a Holiday!<\/td><td>Catalytic Sound<\/td><td><\/td><\/tr><tr><td>14<\/td><td>Voice Actor, Squu<\/td><td>Lust (1)<\/td><td><a href=\"http:\/\/stroom.tv\/\" target=\"_blank\" rel=\"noreferrer noopener\">Stroom.tv<\/a><\/td><td><\/td><\/tr><tr><td>16<\/td><td>RAUT<\/td><td>III<\/td><td>Syf Records<\/td><td><\/td><\/tr><tr><td>16<\/td><td>Tiago Sousa<\/td><td>Organic Music Tapes, vol. 4<\/td><td>Discrepant<\/td><td><\/td><\/tr><tr><td>17<\/td><td>Aleksandra S\u0142y\u017c<\/td><td>Tonarium Live<\/td><td>Superpang<\/td><td><\/td><\/tr><tr><td>17<\/td><td>Billy Nomates \/ Tor<\/td><td>Mary and the Hyenas OST<\/td><td>Invada<\/td><td><\/td><\/tr><tr><td>17<\/td><td>Blacksea N\u00e3o Maya<\/td><td>Despertar<\/td><td>Principe<\/td><td><\/td><\/tr><tr><td>17<\/td><td>Blue Lake<\/td><td>Weft<\/td><td>Tonal Union<\/td><td><\/td><\/tr><tr><td>17<\/td><td>Delivery<\/td><td>Force Majeure<\/td><td>Heavenly<\/td><td><\/td><\/tr><tr><td>17<\/td><td>Edition Redux<\/td><td>Broadcast Transformer<\/td><td>Catalytic Sound<\/td><td><\/td><\/tr><tr><td>17<\/td><td>Ela Minus<\/td><td>Dia<\/td><td>Domino<\/td><td><\/td><\/tr><tr><td>17<\/td><td>Hasco Enjoyments<\/td><td>Wow!<\/td><td>Rope Worm<\/td><td><\/td><\/tr><tr><td>17<\/td><td>Heavy Cruiser<\/td><td>Lucky Dog<\/td><td>Guerssen<\/td><td>reed<\/td><\/tr><tr><td>17<\/td><td>jasmine.4.t<\/td><td>You Are The Morning<\/td><td>Saddest Factory<\/td><td><\/td><\/tr><tr><td>17<\/td><td>Konrad Sprenger<\/td><td>Set<\/td><td>Black Truffle<\/td><td><\/td><\/tr><tr><td>17<\/td><td>Kris &amp; Jerry<\/td><td>A Sunny Day<\/td><td>Frederiksberg<\/td><td><\/td><\/tr><tr><td>17<\/td><td>Legendary Pink Dots<\/td><td>So Lonely In Heaven<\/td><td>Metropolis<\/td><td><\/td><\/tr><tr><td>17<\/td><td>Les Rallizes D\u00e9nud\u00e9s<\/td><td>Mars Studio &#8211; The First Session<\/td><td>Temporal Drift<\/td><td><\/td><\/tr><tr><td>17<\/td><td>Mac Miller<\/td><td>Balloonerism<\/td><td>Warner<\/td><td><\/td><\/tr><tr><td>17<\/td><td>Parchman Prison Prayer<\/td><td>Another Mississippi Sunday Morning<\/td><td>Glitterbeat<\/td><td><\/td><\/tr><tr><td>17<\/td><td>Prepared<\/td><td>Module<\/td><td>Compost<\/td><td><\/td><\/tr><tr><td>17<\/td><td>Robert Farrugia<\/td><td>Natura Maltija OST<\/td><td>Phantom Limb<\/td><td><\/td><\/tr><tr><td>17<\/td><td>Saba Alizadeh<\/td><td>Temple of Hope<\/td><td>30M<\/td><td><\/td><\/tr><tr><td>17<\/td><td>Songhoy Blues<\/td><td>Heritage<\/td><td>Transgressive<\/td><td><\/td><\/tr><tr><td>17<\/td><td>Sophie Jamieson<\/td><td>I Still Want to Share<\/td><td>Bella Union<\/td><td><\/td><\/tr><tr><td>17<\/td><td>STEMESEDER LILLINGER + Craig Taborn<\/td><td>Umbra III<\/td><td>Intakt<\/td><td><\/td><\/tr><tr><td>17<\/td><td>Television Personalities<\/td><td>Tune In, Turn On, Drop Out &#8211; Radio Sessions 1980-1993<\/td><td>Fire<\/td><td>arch<\/td><\/tr><tr><td>17<\/td><td>The Weather Station<\/td><td>Humanhood<\/td><td>Fat Possum<\/td><td><\/td><\/tr><tr><td>17<\/td><td>VA<\/td><td>Spiritual Jazz 17: SABA \/ MPS<\/td><td>Jazzman<\/td><td><\/td><\/tr><tr><td>17<\/td><td>VA<\/td><td>Come Around to the Backdoor : Blues, Country, Jazz &amp; Gospel from 1924<\/td><td>Tompkins Square<\/td><td><\/td><\/tr><tr><td>17<\/td><td>Victoria Canal<\/td><td>Slowly, It Dawns<\/td><td>Parlophone<\/td><td><\/td><\/tr><tr><td>17<\/td><td>Yola<\/td><td>My Way<\/td><td>S-curve<\/td><td>EP<\/td><\/tr><tr><td>19<\/td><td>Bisk<\/td><td>Moonstruck Parade<\/td><td>Sub Rosa<\/td><td><\/td><\/tr><tr><td>20<\/td><td>Cinamen Ensemble<\/td><td>Alphabets<\/td><td><\/td><td><\/td><\/tr><tr><td>20<\/td><td>Daniel Bachman<\/td><td>Where The Tide Ebbs And Flows<\/td><td><\/td><td><\/td><\/tr><tr><td>20<\/td><td>Khadija Al Hanafi<\/td><td>!OK!<\/td><td>Fada<\/td><td><\/td><\/tr><tr><td>21<\/td><td>Graham Reynolds Music<\/td><td>Mountain<\/td><td><\/td><td><\/td><\/tr><tr><td>22<\/td><td>Makiko Hirabayashi<\/td><td>Gifts<\/td><td>Enja &amp; Yellowbirds<\/td><td><\/td><\/tr><tr><td>23<\/td><td>Enrique Ram\u00edrez &amp; Matthias Puech<\/td><td>From the Other Side of a Landscape<\/td><td><\/td><td><\/td><\/tr><tr><td>23<\/td><td>No Turns<\/td><td>One Way<\/td><td>No Turns<\/td><td><\/td><\/tr><tr><td>24<\/td><td>400 Lonely Things<\/td><td>Children of Eidolon<\/td><td>Room40<\/td><td><\/td><\/tr><tr><td>24<\/td><td>Ale Hop &amp; Titi Bakorta<\/td><td>Mapambazuko<\/td><td>Nyege Nyege Tapes<\/td><td><\/td><\/tr><tr><td>24<\/td><td>Alexandra Grimal &amp; Giovanni Di Domenico<\/td><td>Shakkei<\/td><td><\/td><td><\/td><\/tr><tr><td>24<\/td><td>Anna B Savage<\/td><td>You &amp; I Are Earth<\/td><td>City Slang<\/td><td><\/td><\/tr><tr><td>24<\/td><td>Armia<\/td><td>Wojna i pok\u00f3j<\/td><td>Stage Diving Club<\/td><td><\/td><\/tr><tr><td>24<\/td><td>Babinski<\/td><td>Szczerze?<\/td><td>S7<\/td><td><\/td><\/tr><tr><td>24<\/td><td>Bazgro\u0142ki<\/td><td>Brudnopis<\/td><td>Koty<\/td><td><\/td><\/tr><tr><td>24<\/td><td>Benjamin Booker<\/td><td>Lower<\/td><td>Fire Next Time<\/td><td><\/td><\/tr><tr><td>24<\/td><td>Black Taffy<\/td><td>Out Moon<\/td><td>Leaving<\/td><td><\/td><\/tr><tr><td>24<\/td><td>Boilermaker<\/td><td>Not Enough Time To Get Anything Halfway Done<\/td><td>Numero Group<\/td><td><\/td><\/tr><tr><td>24<\/td><td>Brueder Selke &amp; Midori Hirano<\/td><td>Split Scale<\/td><td>Thrill Jockey<\/td><td><\/td><\/tr><tr><td>24<\/td><td>C Duncan<\/td><td>It&#8217;s Only a Love Song<\/td><td>Bella Union<\/td><td><\/td><\/tr><tr><td>24<\/td><td>Central Cee<\/td><td>Can\u2019t Rush Greatness<\/td><td>Columbia<\/td><td><\/td><\/tr><tr><td>24<\/td><td>Chihei Hatakeyama<\/td><td>Lucid Dreams<\/td><td>First Terrace<\/td><td><\/td><\/tr><tr><td>24<\/td><td>Chris Eckman<\/td><td>The Land We Knew The Best<\/td><td>Glitterhouse<\/td><td><\/td><\/tr><tr><td>24<\/td><td>Clemens Kuratle Ydivide<\/td><td>The Default<\/td><td>Intakt<\/td><td><\/td><\/tr><tr><td>24<\/td><td>DITZ<\/td><td>Never Exhale<\/td><td>Republic of Music<\/td><td><\/td><\/tr><tr><td>24<\/td><td>FKA twigs<\/td><td>Eusexua<\/td><td>Young<\/td><td><\/td><\/tr><tr><td>24<\/td><td>Georg Zichy + Reinhold Freidl<\/td><td>Vleisch<\/td><td>Opal<\/td><td><\/td><\/tr><tr><td>24<\/td><td>Ghais Guevara<\/td><td>Goyard Ibn Said<\/td><td>Fat Possum<\/td><td><\/td><\/tr><tr><td>24<\/td><td>Green Cosmos<\/td><td>Abendmusiken<\/td><td>Frederiksberg<\/td><td><\/td><\/tr><tr><td>24<\/td><td>Hanozje<\/td><td>Webs<\/td><td>Eyes in the Wall<\/td><td><\/td><\/tr><tr><td>24<\/td><td>Harakiri For The Sky<\/td><td>Scorched Earth<\/td><td>AOP<\/td><td><\/td><\/tr><tr><td>24<\/td><td>Hautzinger \/ Schick \/ Johansson<\/td><td>Rotations+<\/td><td>Trost<\/td><td><\/td><\/tr><tr><td>24<\/td><td>horsegiirL<\/td><td>VIP EP<\/td><td>Three Seix Zero<\/td><td><\/td><\/tr><tr><td>24<\/td><td>IHIH<\/td><td>Mia\u0142o przyj\u015b\u0107, a nie przysz\u0142o<\/td><td>Opus Elefantum\/Iskra Tapes<\/td><td><\/td><\/tr><tr><td>24<\/td><td>IHIH<\/td><td>Mia\u0142o nie przyj\u015b\u0107, a przysz\u0142o<\/td><td>Opus Elefantum\/Iskra Tapes<\/td><td><\/td><\/tr><tr><td>24<\/td><td>Kagami Smile<\/td><td>Lifeless<\/td><td>Opal<\/td><td><\/td><\/tr><tr><td>24<\/td><td>Kathryn Mohr<\/td><td>Waiting Room<\/td><td>The Flenser<\/td><td><\/td><\/tr><tr><td>24<\/td><td>Lasy<\/td><td>&#8222;999&#8221;<\/td><td>S7<\/td><td><\/td><\/tr><tr><td>24<\/td><td>Mars Williams and Vasco Trilla<\/td><td>Awakening Nature From Her Dream<\/td><td><\/td><td><\/td><\/tr><tr><td>24<\/td><td>Mikromusic<\/td><td>Nie umiem ta\u0144czy\u0107<\/td><td>Agora<\/td><td><\/td><\/tr><tr><td>24<\/td><td>Mogwai<\/td><td>The Bad Fire<\/td><td>Rock Action<\/td><td><\/td><\/tr><tr><td>24<\/td><td>Pod\u0142oga<\/td><td>Zimne ognie<\/td><td><\/td><td><\/td><\/tr><tr><td>24<\/td><td>R. Iwanski<\/td><td>Transformations II<\/td><td>Antenna Non Grata<\/td><td><\/td><\/tr><tr><td>24<\/td><td>Rob Brown<\/td><td>Walkabout<\/td><td>Mahakala<\/td><td><\/td><\/tr><tr><td>24<\/td><td>Rob Mazurek<\/td><td>Nestor&#8217;s Nest<\/td><td>Discrepant<\/td><td><\/td><\/tr><tr><td>24<\/td><td>Rose City Band<\/td><td>Sol Y Sombra<\/td><td>Thrill Jockey<\/td><td><\/td><\/tr><tr><td>24<\/td><td>Sam Amidon<\/td><td>Salt River<\/td><td>River Lea<\/td><td><\/td><\/tr><tr><td>24<\/td><td>Samba Tour\u00e9<\/td><td>Baarakelaw<\/td><td>Glitterbeat<\/td><td><\/td><\/tr><tr><td>24<\/td><td>Studio<\/td><td>West Coast<\/td><td>Ghostly International<\/td><td><\/td><\/tr><tr><td>24<\/td><td>Sven-Ake Johansson Quintet<\/td><td>Stumps<\/td><td>Trost<\/td><td><\/td><\/tr><tr><td>24<\/td><td>Trinka<\/td><td>EP<\/td><td>Agogo<\/td><td><\/td><\/tr><tr><td>24<\/td><td>Tunng<\/td><td>Love You All Over Again<\/td><td>Full Time Hobby<\/td><td><\/td><\/tr><tr><td>24<\/td><td>TV Dust<\/td><td>Transition<\/td><td>Maple Death<\/td><td><\/td><\/tr><tr><td>24<\/td><td>Vanessa Amara<\/td><td>Cafe Life<\/td><td>Posh Isolation<\/td><td><\/td><\/tr><tr><td>24<\/td><td>Wardruna<\/td><td>Birna<\/td><td>Music For Nations<\/td><td><\/td><\/tr><tr><td>28<\/td><td>Sun Kil Moon<\/td><td>All the Artists<\/td><td>Caldo Verde<\/td><td><\/td><\/tr><tr><td>30<\/td><td>Hybryds<\/td><td>In the Wake of the Witch<\/td><td>Zoharum<\/td><td><\/td><\/tr><tr><td>30<\/td><td>Piotr Komosi\u0144ski \/ Jerzy Mazzoll<\/td><td>Pory&#8230;<\/td><td>Vintage Records<\/td><td><\/td><\/tr><tr><td>30<\/td><td>Ural Thomas<\/td><td>Nat-Ural<\/td><td>Mississippi<\/td><td><\/td><\/tr><tr><td>31<\/td><td>[something&#8217;s happening]<\/td><td>Buzz<\/td><td>Flaming Pines<\/td><td><\/td><\/tr><tr><td>31<\/td><td>Adam Ba\u0142dych<\/td><td>Portraits<\/td><td>ACT<\/td><td><\/td><\/tr><tr><td>31<\/td><td>Adam Golebiewski, Dave Brown<\/td><td>Dogs Light<\/td><td>Instant Classic<\/td><td><\/td><\/tr><tr><td>31<\/td><td>BearCloud<\/td><td>Faves<\/td><td>Poli5<\/td><td><\/td><\/tr><tr><td>31<\/td><td>Billy Malm<\/td><td>Spatzle<\/td><td>Strategic Tape Reserve<\/td><td><\/td><\/tr><tr><td>31<\/td><td>Bonnie &#8222;Prince&#8221; Billy<\/td><td>The Purple Bird<\/td><td>Drag City<\/td><td><\/td><\/tr><tr><td>31<\/td><td>Cymande<\/td><td>Renascence<\/td><td>BMG<\/td><td><\/td><\/tr><tr><td>31<\/td><td>Damon Locks<\/td><td>List of Demands<\/td><td>International Anthem<\/td><td><\/td><\/tr><tr><td>31<\/td><td>Decius<\/td><td>Decius Vol. II (Splendour &amp; Obedience)<\/td><td>The Leaf Label<\/td><td><\/td><\/tr><tr><td>31<\/td><td>Dynasonic<\/td><td>End of High Hopes<\/td><td>Don&#8217;t Sit On My Vinyl<\/td><td>7&#8243;<\/td><\/tr><tr><td>31<\/td><td>Eddie Chacon<\/td><td>Lay Low<\/td><td>Stones Throw<\/td><td><\/td><\/tr><tr><td>31<\/td><td>Eduardo Polonio<\/td><td>Eduardo Polonio: Obra electroac\u00fastica 1969-1981<\/td><td>Buh<\/td><td><\/td><\/tr><tr><td>31<\/td><td>Fadi Tabbal<\/td><td>I Recognize You from My Sketches<\/td><td>Ruptured<\/td><td><\/td><\/tr><tr><td>31<\/td><td>France<\/td><td>Destino Scifosi<\/td><td>Standard In-Fi<\/td><td><\/td><\/tr><tr><td>31<\/td><td>Freckle<\/td><td>Freckle<\/td><td>God?<\/td><td><\/td><\/tr><tr><td>31<\/td><td>Gary Kemp<\/td><td>This Destination<\/td><td>Warner<\/td><td><\/td><\/tr><tr><td>31<\/td><td>General Magic<\/td><td>Bosko<\/td><td>Editions Mego<\/td><td><\/td><\/tr><tr><td>31<\/td><td>Geologist and D.S.<\/td><td>A Shaw Deal<\/td><td>Drag City<\/td><td><\/td><\/tr><tr><td>31<\/td><td>Joachim Kuhn<\/td><td>\u00c9chapp\u200b\u00e9\u200be<\/td><td>Intakt<\/td><td><\/td><\/tr><tr><td>31<\/td><td>Joana Gama &amp; Lu\u00eds Fernandes<\/td><td>Strata<\/td><td>Holuzam<\/td><td><\/td><\/tr><tr><td>31<\/td><td>Joe McPhee<\/td><td>I&#8217;m Just Say&#8217;n<\/td><td>Smalltown Supersound<\/td><td><\/td><\/tr><tr><td>31<\/td><td>John Surman<\/td><td>Flashpoints and Undercurrents<\/td><td>Cuneiform<\/td><td>arch<\/td><\/tr><tr><td>31<\/td><td>Joona Toivanen Trio<\/td><td>Gravity<\/td><td>We Jazz<\/td><td><\/td><\/tr><tr><td>31<\/td><td>Jupiter &amp; Okwess<\/td><td>Ekoya<\/td><td>Zamora &amp; Studio Gouv<\/td><td><\/td><\/tr><tr><td>31<\/td><td>Kowboje<\/td><td>Kowboje II<\/td><td>Syf Records<\/td><td><\/td><\/tr><tr><td>31<\/td><td>L.S. Dunes<\/td><td>Violet<\/td><td>Fantasy<\/td><td><\/td><\/tr><tr><td>31<\/td><td>Last Train<\/td><td>III<\/td><td>PIAS<\/td><td><\/td><\/tr><tr><td>31<\/td><td>Laura Agnusdei<\/td><td>Flowers Are Blooming In Antarctica<\/td><td>Maple Death<\/td><td><\/td><\/tr><tr><td>31<\/td><td>Laura Cannell<\/td><td>A Compendium of Beasts &#8211; Volume 1<\/td><td>Brawl<\/td><td><\/td><\/tr><tr><td>31<\/td><td>Lawrence English<\/td><td>Even The Horizon Knows Its Bounds<\/td><td>Room40<\/td><td><\/td><\/tr><tr><td>31<\/td><td>Lilly Hiatt<\/td><td>Forever<\/td><td>New West<\/td><td><\/td><\/tr><tr><td>31<\/td><td>Liza Lo<\/td><td>Familiar<\/td><td>Gearbox<\/td><td><\/td><\/tr><tr><td>31<\/td><td>Madvillain<\/td><td>Madvillainy Demos<\/td><td>Stones Throw<\/td><td><\/td><\/tr><tr><td>31<\/td><td>Marek Pospieszalski<\/td><td>Live At Gusstaff Records vol.1<\/td><td>Gusstaff\/Don&#8217;t Sit On My Vinyl<\/td><td>10&#8243;<\/td><\/tr><tr><td>31<\/td><td>Mike<\/td><td>Showbiz!<\/td><td>10k<\/td><td><\/td><\/tr><tr><td>31<\/td><td>Nyron Higor<\/td><td>Nyron Higor<\/td><td>Far Out<\/td><td><\/td><\/tr><tr><td>31<\/td><td>Ocean Moon<\/td><td>Ways to the Deep Meadow<\/td><td>Music From Memory<\/td><td><\/td><\/tr><tr><td>31<\/td><td>Olga Anna Markowska<\/td><td>Iskra<\/td><td>Miasmah<\/td><td><\/td><\/tr><tr><td>31<\/td><td>Peter Rehberg<\/td><td>Liminal States<\/td><td>Editions Mego<\/td><td><\/td><\/tr><tr><td>31<\/td><td>Prison<\/td><td>Downstate<\/td><td>Drag City<\/td><td><\/td><\/tr><tr><td>31<\/td><td>Rien Virgule<\/td><td>Berceuses des deux mondes<\/td><td>Murailles<\/td><td><\/td><\/tr><tr><td>31<\/td><td>Shackleton &amp; Wac\u0142aw Zimpel &amp; Siddhartha Belmannu<\/td><td>In The Cell of Dreams (Live Version)<\/td><td>7K!<\/td><td><\/td><\/tr><tr><td>31<\/td><td>Stein Urheim<\/td><td>Speilstillevariasjoner<\/td><td>Hubro<\/td><td><\/td><\/tr><tr><td>31<\/td><td>Terence Etc.<\/td><td>V O R T E X +<\/td><td>Brainfeeder<\/td><td><\/td><\/tr><tr><td>31<\/td><td>The Ancients<\/td><td>The Ancients<\/td><td>Eremite<\/td><td><\/td><\/tr><tr><td>31<\/td><td>The Hellacopters<\/td><td>Overdrivers<\/td><td>Nuclear Blast<\/td><td><\/td><\/tr><tr><td>31<\/td><td>The Lemonheads<\/td><td>Car Button Cloth<\/td><td>Fire<\/td><td>arch<\/td><\/tr><tr><td>31<\/td><td>The Veils<\/td><td>Asphodel<\/td><td>V2<\/td><td><\/td><\/tr><tr><td>31<\/td><td>The Weeknd<\/td><td>Hurry Up Tomorrow<\/td><td>Republic<\/td><td><\/td><\/tr><tr><td>31<\/td><td>VA<\/td><td>Eccentric Soul: The Cobra Label<\/td><td>Numero Group<\/td><td><\/td><\/tr><tr><td>31<\/td><td>Wojciech Rusin<\/td><td>Honey for the Ants<\/td><td>AD93<\/td><td><\/td><\/tr><tr><td>31<\/td><td>Wolf Eyes x Anthony Braxton<\/td><td>Live at Pioneer Works, 26 October 2023<\/td><td>ESP Disk<\/td><td><\/td><\/tr><\/tbody><\/table><\/figure>\n","protected":false},"excerpt":{"rendered":"<p>1 ||ALA|MEDA|| Spectra &#8211; Selection Brutality Garden arch LP 1 Dean Blunt Lucre World Music 1 DJ Rashad 6613 EP Partisan reed 1 Duwap Kaine Nobody Is Coming to Save You TAP 1 JAWAN.mp3 Reverie 1 Loraine James New Year&#8217;s Substitution 3 EP 1 Matthew Tavares I Once Prayed For This Life 1 Matthewdavid 100% [&hellip;]<\/p>\n","protected":false},"author":1,"featured_media":0,"parent":0,"menu_order":0,"comment_status":"closed","ping_status":"closed","template":"","meta":{"footnotes":""},"_links":{"self":[{"href":"https:\/\/blog.polityka.pl\/polifonia\/wp-json\/wp\/v2\/pages\/45772"}],"collection":[{"href":"https:\/\/blog.polityka.pl\/polifonia\/wp-json\/wp\/v2\/pages"}],"about":[{"href":"https:\/\/blog.polityka.pl\/polifonia\/wp-json\/wp\/v2\/types\/page"}],"author":[{"embeddable":true,"href":"https:\/\/blog.polityka.pl\/polifonia\/wp-json\/wp\/v2\/users\/1"}],"replies":[{"embeddable":true,"href":"https:\/\/blog.polityka.pl\/polifonia\/wp-json\/wp\/v2\/comments?post=45772"}],"version-history":[{"count":3,"href":"https:\/\/blog.polityka.pl\/polifonia\/wp-json\/wp\/v2\/pages\/45772\/revisions"}],"predecessor-version":[{"id":46282,"href":"https:\/\/blog.polityka.pl\/polifonia\/wp-json\/wp\/v2\/pages\/45772\/revisions\/46282"}],"wp:attachment":[{"href":"https:\/\/blog.polityka.pl\/polifonia\/wp-json\/wp\/v2\/media?parent=45772"}],"curies":[{"name":"wp","href":"https:\/\/api.w.org\/{rel}","templated":true}]}}