
{"id":9342,"date":"2016-01-02T13:45:23","date_gmt":"2016-01-02T12:45:23","guid":{"rendered":"http:\/\/polifonia.blog.polityka.pl\/?page_id=9342"},"modified":"2016-01-02T13:45:23","modified_gmt":"2016-01-02T12:45:23","slug":"podsumowanie-2015","status":"publish","type":"page","link":"https:\/\/blog.polityka.pl\/polifonia\/podsumowanie-2015\/","title":{"rendered":"PODSUMOWANIE 2015"},"content":{"rendered":"<p><a href=\"\/wp-content\/uploads\/2016\/01\/IMG_20160102_133619_panorama_edit.jpg\"><img loading=\"lazy\" decoding=\"async\" class=\"aligncenter size-large wp-image-9343\" src=\"\/wp-content\/uploads\/2016\/01\/IMG_20160102_133619_panorama_edit-1024x1021.jpg\" alt=\"IMG_20160102_133619_panorama_edit\" width=\"620\" height=\"618\" srcset=\"\/polifonia\/wp-content\/uploads\/2016\/01\/IMG_20160102_133619_panorama_edit-1024x1021.jpg 1024w, \/polifonia\/wp-content\/uploads\/2016\/01\/IMG_20160102_133619_panorama_edit-150x150.jpg 150w, \/polifonia\/wp-content\/uploads\/2016\/01\/IMG_20160102_133619_panorama_edit-300x300.jpg 300w, \/polifonia\/wp-content\/uploads\/2016\/01\/IMG_20160102_133619_panorama_edit.jpg 1638w\" sizes=\"(max-width: 620px) 100vw, 620px\" \/><\/a><\/p>\n<p style=\"text-align: center;\"><a href=\"http:\/\/polifonia.blog.polityka.pl\/2016\/01\/02\/2x15-plyt-roku-2015-swiat\/\">2\u00d715 p\u0142yt roku 2015: \u015aWIAT<\/a><br \/>\n<a href=\"http:\/\/polifonia.blog.polityka.pl\/2015\/12\/30\/2x15-plyt-roku-2015-polska\/\">2\u00d715 p\u0142yt roku 2015: POLSKA<\/a><br \/>\n<a href=\"http:\/\/polifonia.blog.polityka.pl\/2015\/12\/29\/2x15-plyt-roku-2015-archiwalia\/\">2\u00d715 p\u0142yt roku 2015: ARCHIWALIA, KOMPILACJE, REEDYCJE<\/a><br \/>\n<a href=\"http:\/\/polifonia.blog.polityka.pl\/2015\/12\/28\/rok-2015-w-muzyce-10-uwag-koncowych\/\">Rok 2015 w muzyce: 10 uwag ko\u0144cowych<\/a><\/p>\n","protected":false},"excerpt":{"rendered":"<p>2\u00d715 p\u0142yt roku 2015: \u015aWIAT 2\u00d715 p\u0142yt roku 2015: POLSKA 2\u00d715 p\u0142yt roku 2015: ARCHIWALIA, KOMPILACJE, REEDYCJE Rok 2015 w muzyce: 10 uwag ko\u0144cowych<\/p>\n","protected":false},"author":1,"featured_media":0,"parent":0,"menu_order":0,"comment_status":"closed","ping_status":"closed","template":"","meta":{"footnotes":""},"_links":{"self":[{"href":"https:\/\/blog.polityka.pl\/polifonia\/wp-json\/wp\/v2\/pages\/9342"}],"collection":[{"href":"https:\/\/blog.polityka.pl\/polifonia\/wp-json\/wp\/v2\/pages"}],"about":[{"href":"https:\/\/blog.polityka.pl\/polifonia\/wp-json\/wp\/v2\/types\/page"}],"author":[{"embeddable":true,"href":"https:\/\/blog.polityka.pl\/polifonia\/wp-json\/wp\/v2\/users\/1"}],"replies":[{"embeddable":true,"href":"https:\/\/blog.polityka.pl\/polifonia\/wp-json\/wp\/v2\/comments?post=9342"}],"version-history":[{"count":1,"href":"https:\/\/blog.polityka.pl\/polifonia\/wp-json\/wp\/v2\/pages\/9342\/revisions"}],"predecessor-version":[{"id":9344,"href":"https:\/\/blog.polityka.pl\/polifonia\/wp-json\/wp\/v2\/pages\/9342\/revisions\/9344"}],"wp:attachment":[{"href":"https:\/\/blog.polityka.pl\/polifonia\/wp-json\/wp\/v2\/media?parent=9342"}],"curies":[{"name":"wp","href":"https:\/\/api.w.org\/{rel}","templated":true}]}}