
{"id":7,"date":"2017-03-24T15:09:12","date_gmt":"2017-03-24T14:09:12","guid":{"rendered":"http:\/\/siedlecka.blog.polityka.pl\/?page_id=7"},"modified":"2017-03-25T09:28:19","modified_gmt":"2017-03-25T08:28:19","slug":"o-autorce","status":"publish","type":"page","link":"https:\/\/blog.polityka.pl\/siedlecka\/o-autorce\/","title":{"rendered":"O autorce"},"content":{"rendered":"<p>Jeste\u015b rowerem? \u2013 pytaj\u0105 znajomi. Jestem cz\u0142owiekiem &#8211; odpowiadam. Rower to m\u00f3j \u015brodek lokomocji. I spos\u00f3b \u017cycia. Daje poczucie wolno\u015bci i nie produkuje smogu.<\/p>\n<p>Jestem dziennikark\u0105: pracowa\u0142am w \u201eGazecie Wyborczej\u201d od 1989 (czyli od \u017c\u0142obka, w kt\u00f3rym by\u0142a pierwsza siedziba \u201eGazety\u201d) do 2017 r. Od marca tego roku jestem w POLITYCE. Dziennikarstwo uwa\u017cam za okazj\u0119 do robienia po\u017cytecznych rzeczy i staram si\u0119 t\u0119 okazj\u0119 wykorzystywa\u0107. Ten zaw\u00f3d jest misj\u0105, szczeg\u00f3lnie w czasach post-prawdy i <em>fake news<\/em>.<\/p>\n<p>Pisz\u0119 o prawie, prawach cz\u0142owieka, prawach mniejszo\u015bci, prawach zwierz\u0105t, o bioetyce, o spo\u0142ecze\u0144stwie obywatelskim.<\/p>\n<p>Jestem wegank\u0105: staram si\u0119 nie przyczynia\u0107 do eksploatacji zwierz\u0105t przez cz\u0142owieka. Nie jem mi\u0119sa ani nabia\u0142u, unikam rzeczy ze sk\u00f3ry i we\u0142ny, kosmetyk\u00f3w ze zwierz\u0119cym \u201ewsadem\u201d. Nie s\u0105dz\u0119, \u017ce zbawi\u0119 tym \u015bwiat, ale uwa\u017cam, \u017ce napraw\u0119 \u015bwiata trzeba zacz\u0105\u0107 od siebie \u2013 i dok\u0142adnie tyle ka\u017cdy z nas mo\u017ce zrobi\u0107.<\/p>\n<p>Ubieram si\u0119 w second-handach. Lubi\u0119 rzeczy niestandardowe, ciesz\u0119 si\u0119, \u017ce daj\u0119 przedmiotom drugie \u017cycie i \u017ce dzi\u0119ki temu \u015bwiat jest nieco mniej za\u015bmiecony.<\/p>\n<p>Staram si\u0119 zrozumie\u0107, zanim co\u015b oceni\u0119.<img loading=\"lazy\" decoding=\"async\" src=\"\/wp-content\/uploads\/2017\/03\/Ewa1-1024x683.jpg\" alt=\"ewa1\" width=\"620\" height=\"414\" class=\"alignnone size-large wp-image-12\" srcset=\"\/siedlecka\/wp-content\/uploads\/2017\/03\/Ewa1-1024x683.jpg 1024w, \/siedlecka\/wp-content\/uploads\/2017\/03\/Ewa1-300x200.jpg 300w, \/siedlecka\/wp-content\/uploads\/2017\/03\/Ewa1-768x512.jpg 768w\" sizes=\"(max-width: 620px) 100vw, 620px\" \/><\/p>\n","protected":false},"excerpt":{"rendered":"<p>Jeste\u015b rowerem? \u2013 pytaj\u0105 znajomi. Jestem cz\u0142owiekiem &#8211; odpowiadam. Rower to m\u00f3j \u015brodek lokomocji. I spos\u00f3b \u017cycia. Daje poczucie wolno\u015bci i nie produkuje smogu. Jestem dziennikark\u0105: pracowa\u0142am w \u201eGazecie Wyborczej\u201d od 1989 (czyli od \u017c\u0142obka, w kt\u00f3rym by\u0142a pierwsza siedziba \u201eGazety\u201d) do 2017 r. Od marca tego roku jestem w POLITYCE. Dziennikarstwo uwa\u017cam za okazj\u0119 [&hellip;]<\/p>\n","protected":false},"author":3,"featured_media":0,"parent":0,"menu_order":0,"comment_status":"closed","ping_status":"closed","template":"","meta":{"footnotes":""},"_links":{"self":[{"href":"https:\/\/blog.polityka.pl\/siedlecka\/wp-json\/wp\/v2\/pages\/7"}],"collection":[{"href":"https:\/\/blog.polityka.pl\/siedlecka\/wp-json\/wp\/v2\/pages"}],"about":[{"href":"https:\/\/blog.polityka.pl\/siedlecka\/wp-json\/wp\/v2\/types\/page"}],"author":[{"embeddable":true,"href":"https:\/\/blog.polityka.pl\/siedlecka\/wp-json\/wp\/v2\/users\/3"}],"replies":[{"embeddable":true,"href":"https:\/\/blog.polityka.pl\/siedlecka\/wp-json\/wp\/v2\/comments?post=7"}],"version-history":[{"count":2,"href":"https:\/\/blog.polityka.pl\/siedlecka\/wp-json\/wp\/v2\/pages\/7\/revisions"}],"predecessor-version":[{"id":13,"href":"https:\/\/blog.polityka.pl\/siedlecka\/wp-json\/wp\/v2\/pages\/7\/revisions\/13"}],"wp:attachment":[{"href":"https:\/\/blog.polityka.pl\/siedlecka\/wp-json\/wp\/v2\/media?parent=7"}],"curies":[{"name":"wp","href":"https:\/\/api.w.org\/{rel}","templated":true}]}}