
{"id":12,"date":"2018-03-24T15:58:16","date_gmt":"2018-03-24T14:58:16","guid":{"rendered":"https:\/\/taniec.blog.polityka.pl\/?page_id=12"},"modified":"2019-11-03T10:20:03","modified_gmt":"2019-11-03T09:20:03","slug":"o-mnie","status":"publish","type":"page","link":"https:\/\/blog.polityka.pl\/taniec\/o-mnie\/","title":{"rendered":"O mnie"},"content":{"rendered":"<p>Jestem absolwentk\u0105 Wydzia\u0142u Prawa i Administracji Uniwersytetu Warszawskiego, ale nigdy nie pracowa\u0142am w zawodzie. Pasjonuj\u0119 si\u0119 ta\u0144cem \u2013 dlatego by\u0142am s\u0142uchaczk\u0105 Podyplomowych Studi\u00f3w Teorii Ta\u0144ca na Uniwersytecie Muzycznym Fryderyka Chopina. Z\u00a0tygodnikiem POLITYKA wsp\u00f3\u0142pracuj\u0119 od 2014 roku. Moje teksty by\u0142y te\u017c publikowane w Przekroju.pl, \u201eKulturze Liberalnej&#8221;, \u201eRuchu Muzycznym&#8221; i taniecPOLSKA(pl).<\/p>\n","protected":false},"excerpt":{"rendered":"<p>Jestem absolwentk\u0105 Wydzia\u0142u Prawa i Administracji Uniwersytetu Warszawskiego, ale nigdy nie pracowa\u0142am w zawodzie. Pasjonuj\u0119 si\u0119 ta\u0144cem \u2013 dlatego by\u0142am s\u0142uchaczk\u0105 Podyplomowych Studi\u00f3w Teorii Ta\u0144ca na Uniwersytecie Muzycznym Fryderyka Chopina. Z\u00a0tygodnikiem POLITYKA wsp\u00f3\u0142pracuj\u0119 od 2014 roku. Moje teksty by\u0142y te\u017c publikowane w Przekroju.pl, \u201eKulturze Liberalnej&#8221;, \u201eRuchu Muzycznym&#8221; i taniecPOLSKA(pl).<\/p>\n","protected":false},"author":7,"featured_media":0,"parent":0,"menu_order":0,"comment_status":"closed","ping_status":"closed","template":"","meta":{"footnotes":""},"_links":{"self":[{"href":"https:\/\/blog.polityka.pl\/taniec\/wp-json\/wp\/v2\/pages\/12"}],"collection":[{"href":"https:\/\/blog.polityka.pl\/taniec\/wp-json\/wp\/v2\/pages"}],"about":[{"href":"https:\/\/blog.polityka.pl\/taniec\/wp-json\/wp\/v2\/types\/page"}],"author":[{"embeddable":true,"href":"https:\/\/blog.polityka.pl\/taniec\/wp-json\/wp\/v2\/users\/7"}],"replies":[{"embeddable":true,"href":"https:\/\/blog.polityka.pl\/taniec\/wp-json\/wp\/v2\/comments?post=12"}],"version-history":[{"count":5,"href":"https:\/\/blog.polityka.pl\/taniec\/wp-json\/wp\/v2\/pages\/12\/revisions"}],"predecessor-version":[{"id":1483,"href":"https:\/\/blog.polityka.pl\/taniec\/wp-json\/wp\/v2\/pages\/12\/revisions\/1483"}],"wp:attachment":[{"href":"https:\/\/blog.polityka.pl\/taniec\/wp-json\/wp\/v2\/media?parent=12"}],"curies":[{"name":"wp","href":"https:\/\/api.w.org\/{rel}","templated":true}]}}